uppose -2*a - a = q, -2*l + 132 = -4*a. What is the units digit of l?
4
Let g(h) = -h**2 + 12*h - 5. Let c = 5 - 2. Suppose -20 = -c*x + x. What is the tens digit of g(x)?
1
Suppose 0 = 4*z - 2*s + 3*s - 59, -3*s + 1 = z. Suppose -4*c + 5*c - 65 = 0. Suppose -c = -3*k + z. What is the tens digit of k?
2
Let q = -58 - -85. What is the tens digit of q?
2
Suppose -3260 = -4*m - w - w, 0 = -5*m - 3*w + 4077. What is the units digit of m?
3
Let l(t) = 2*t**2 - 4. Let x be (-37)/(-13) + 10/65. Let k be l(x). What is the units digit of (2 - 1)/(k/700)?
0
Let j(p) = p + 27. Let u(g) = g + 28. Let s(k) = -4*j(k) + 5*u(k). What is the tens digit of s(-15)?
1
Suppose 0 = 3*z - 4*o + 20, 4*z - o - 15 = -4*o. Suppose -8*c + 0 + 264 = z. What is the tens digit of c?
3
Suppose 22555 = 5*y - o, 3*y + 36*o - 13541 = 35*o. What is the hundreds digit of y?
5
Let q = 3 - -1. What is the units digit of (-4 - 0)*q/(-16)?
1
Let r = 18 + 1. Let n = -8 + r. Let d = n + 0. What is the units digit of d?
1
Let x be (-2)/((-16)/708) + (-1)/2. Suppose 4*m - 9*m = l - 385, 2*l = m - x. What is the tens digit of m?
7
Let n(o) = o**2 - 3*o + 6. Let k = 22 + -8. Suppose -2*b + k = -0*b + 2*a, 4*a = 4*b - 12. What is the tens digit of n(b)?
1
Suppose 4*m = 3 + 5. Suppose 0*v + 2*v + 8 = 0, 0 = m*d - v - 18. Suppose -84 = -d*q + 196. What is the units digit of q?
0
Let g = 177 - -97. What is the tens digit of g?
7
What is the tens digit of 6*85 + (3/3 - 4)?
0
Let o = -139 - -1685. What is the thousands digit of o?
1
Let u(d) = -38*d + 148. What is the tens digit of u(-21)?
4
Let v be (492/(-48))/((-2)/8). Suppose -d = 4*u - 2*u - v, 70 = 2*d + u. What is the tens digit of d?
3
Let g(o) = -o**3 - 5*o**2 - 6*o - 4. Let p be g(-4). Suppose l + p = d, -4*l + 2 = 6. What is the units digit of d/2*(-696)/(-36)?
9
Let b be 363/(-5) + 24/(-60). What is the tens digit of b*3/(-3) + -3?
7
Let t(r) = 3*r - 6. Let h be t(5). Suppose -h*u = -6*u - 141. What is the tens digit of u?
4
Suppose 16*x = 5*x + 13893. What is the thousands digit of x?
1
Suppose 0 = -t - 4*z - 9, 0 = 5*t - 0*z + 2*z - 9. Suppose 0 = -t*o + 6*o - 9. Let p(w) = -w**2 + 6*w + 2. What is the tens digit of p(o)?
1
What is the hundreds digit of 865*(-442)/(-65) - 2/2?
8
Let g = -14 + 16. Suppose 7*h - w = 5*h + 15, 0 = g*h - 2*w - 20. Suppose 2*x - 150 = -x - n, -h*n + 162 = 3*x. What is the units digit of x?
9
Suppose 19 + 1 = v. Let s = v - -11. What is the units digit of s?
1
What is the hundreds digit of ((-240)/18)/((-2)/36)?
2
Let s be 662/10 + (-3)/15. Let c = s - 39. Let v = c - 3. What is the tens digit of v?
2
Let b be (-277)/(-9) - (-6)/27. Suppose -9 = -4*z + b. What is the units digit of (z - 1) + (1 - 2)?
8
Let a = 48 + -63. What is the tens digit of (a/(-5) + 72)*1?
7
Let a be (-15)/(-5) - 1*-14. Suppose -a*p = -p - 3824. What is the tens digit of p?
3
Let y(k) = -2*k - 1. Let c be y(-8). Suppose -3*n - 5*m = 2*n - 55, 57 = 5*n + 3*m. Let g = c - n. What is the units digit of g?
3
Let a = -272 + 728. What is the hundreds digit of a?
4
Let i(a) = 45*a**2 + 2. Suppose 0 = -3*b + s + 1, 4*b + 0*s = -2*s + 8. What is the tens digit of i(b)?
4
Suppose 4*b + 8 = 2*b. Let g = b + 8. Suppose g*u - 2*u - 22 = 0. What is the units digit of u?
1
Let h(n) = -55*n - 47. What is the hundreds digit of h(-16)?
8
Let i = 2116 + -1156. What is the hundreds digit of i?
9
What is the hundreds digit of ((-23424)/(-36))/16*66/4?
6
Let c be 1/(55/(-20) - -3). Suppose -6*r = -c*r - 214. What is the tens digit of r?
0
Let a(d) = 2*d - 12. Let g be 1/(-5) - 506/(-55). What is the units digit of a(g)?
6
What is the tens digit of 876*((-1)/5)/((-4)/10)?
3
Let g be (-22)/132 - -2*(-19)/(-12). Suppose g*a + 3*z = 174, 4*z - 134 = -2*a - 10. What is the tens digit of a?
5
Suppose 0*f - 1609 = -5*f - 4*v, -3*v = 3*f - 966. Suppose 4*l - b - 443 = 0, 0*b - 3*b = -3*l + f. What is the units digit of l?
2
Let r(l) = 2*l + 2. Suppose 4*i = -i + 10. Suppose -2*k = -i*d - 0*d - 4, 5*d = 25. What is the units digit of r(k)?
6
Let u = 336 - 159. What is the tens digit of u?
7
Let z(n) = 1263*n**3 - n**2 + 5*n - 4. What is the hundreds digit of z(1)?
2
Let f = 14 + -9. Suppose -v - 20 = 3*v, 2*v = f*t - 110. What is the tens digit of (0 + t - 3) + 3?
2
Suppose -241 = 3*w - 2530. What is the hundreds digit of w?
7
Let r = 27 - 2. Let k = -23 + r. Suppose 5*i - k*i + 3*n = 99, 5*i + 2*n - 168 = 0. What is the tens digit of i?
3
What is the tens digit of 7*131*(3 + -2)?
1
Suppose 3*x - 2206 = t, 4*x + 10*t - 2939 = 9*t. Suppose -18*c + 23*c = x. What is the hundreds digit of c?
1
Suppose 5*x = -x - 78. Let r(w) = -w**2 - 12*w + 28. What is the tens digit of r(x)?
1
Suppose 6*b = 25*b - 57. Suppose b*m = -5*z + 1027 + 167, 0 = 5*m - 15. What is the hundreds digit of z?
2
What is the tens digit of 749/2*(-10 + 518/49)?
1
Suppose -2*f = -5*r + 3*f + 45, -2*r - 4*f = 12. What is the units digit of 946/(-33)*(-6)/r?
3
Suppose 0 = -4*u - u + 90. Suppose -22*n = -u*n - 108. What is the tens digit of n?
2
Suppose 3*c + 540 = -2*c. Let m = c + 165. What is the tens digit of m?
5
Let q = -2891 - -4349. What is the hundreds digit of q?
4
Let t(d) = 326 - 413 - 15*d + 2*d. What is the hundreds digit of t(-25)?
2
Suppose -y = -2*r + 2351, 2*r = -4*y + 2580 - 234. What is the tens digit of r?
7
Suppose 2*j + 594 = 4*k, -3*k + 3*j + 445 = 2*j. What is the units digit of k?
8
Suppose 0*w + 2*b + 4999 = 3*w, -4*b - 3322 = -2*w. What is the tens digit of w?
6
Suppose -4*y = -v + 835, 2*y = 4*v + 4*y - 3304. What is the units digit of v?
7
What is the units digit of (3 + (-315)/(-25))/(8/180)?
1
Let q(i) = -155*i - 309. What is the hundreds digit of q(-5)?
4
Let v(x) = -15*x**3 - 5*x**2 - 11*x - 36. What is the units digit of v(-4)?
8
Let s be (8/6)/(1/3). Suppose 14*g = -106 + 78. What is the units digit of ((-26)/s - 0)*g?
3
Let f(s) be the first derivative of -s**4/4 - 8*s**3/3 + s**2 + s - 5. What is the units digit of f(-9)?
4
Let m(y) = -y**3 + 13*y**2 + 16*y - 24. Suppose 4*k + k = 70. Let n be m(k). Let p(a) = a**3 - 4*a**2 + 2*a - 3. What is the units digit of p(n)?
5
Let r(s) = s + 4. Let y be (-6)/(-15) + (-48)/20. Let l be r(y). Suppose 0 = l*w - 0*w - 92. What is the tens digit of w?
4
What is the units digit of (0 - 4842)/(-6 - -4)?
1
Suppose 0 = 4*p - 3*a - 12574, -8*a = 4*p - 9*a - 12578. What is the units digit of p?
5
Let j(k) = 57*k**2 - 8*k - 15. Let a(u) = -u**3 + 10*u**2 - 14*u - 18. Let x be a(8). What is the tens digit of j(x)?
2
Let t = 1589 + -680. What is the tens digit of t?
0
Suppose 27 = 5*p + 7. Suppose 3*n = d - 127, 3*d - p*n = 2*d + 131. Suppose -q + 16 - 129 = -3*s, 3*s = -q + d. What is the units digit of s?
8
Let x(f) = -3*f**3 + 17 + 0*f**3 - 12*f**2 - f**3 + 3*f + 3*f**3. What is the tens digit of x(-13)?
4
Let d = -11 - -19. Suppose d*n - 504 = -0*n. What is the units digit of n?
3
Let c(u) = -107*u - 27. Let y(h) = -160*h - 41. Let m(z) = -8*c(z) + 5*y(z). What is the tens digit of m(4)?
3
Let n = 43 - 29. What is the tens digit of (-44)/(-154) - (-850)/n?
6
Let y = -1861 - -1939. What is the tens digit of y?
7
Let r be (-333)/(-6) + 2/8*2. What is the tens digit of 3040/r - 4/14?
5
Suppose 2*a - 116 = 5*m + 35, -3*m + 3 = 0. Suppose a = -b + 2*b. Suppose -3*r + r + b = 0. What is the units digit of r?
9
Let u = 1 + 13. Suppose -17 + 2 = -5*l - 5*k, -2*k + u = -2*l. What is the units digit of (6/4 + -2)*l?
1
Let j(b) = -4*b + 1 - 3 - 39*b - 4. What is the units digit of j(-3)?
3
Let b(u) = u**3 - 57. Let h be b(0). Let c = h - -59. What is the units digit of c?
2
Let h = 9 - 9. Suppose h = -36*b + 34*b + 352. What is the tens digit of b?
7
Let m = 6 + -17. Let s(g) be the third derivative of -5*g**4/24 - g**2 - 4. What is the units digit of s(m)?
5
Let o = 1448 + -1009. What is the hundreds digit of o?
4
Let d(c) = -c**3 - 5*c**2 + 4*c - 4. Let l(x) = -12*x + 0*x**3 + 3*x**3 + x**3 + 13 + 15*x**2. Let k(w) = -7*d(w) - 2*l(w). What is the units digit of k(3)?
8
Let p = -169 + 198. What is the units digit of p?
9
What is the tens digit of 0/(-11) + 572 + -1?
7
Suppose 3 - 11 = 3*z - i, -5*i + 20 = 5*z. Let b(p) = 72*p**2 + 2*p + 2. Let d be b(z). Let n = -35 + d. What is the tens digit of n?
3
Let n = -1896 + 2679. What is the